rue
Is 237 a composite number?
True
Is 2703163 prime?
True
Is 47951 prime?
True
Is 9337 prime?
True
Is 84453 a composite number?
True
Is 52709 prime?
True
Is 16757 a prime number?
False
Is 2199 a prime number?
False
Is 5951 a prime number?
False
Is 3547 prime?
True
Is 1773193 composite?
True
Is 5779 a prime number?
True
Is 779809 a prime number?
False
Is 321599 composite?
True
Is 35419 composite?
False
Is 11027 composite?
False
Is 254455 composite?
True
Is 10363 prime?
False
Is 29381 a composite number?
True
Is 2833 composite?
False
Is 81331 prime?
True
Is 1856453 a composite number?
True
Is 24074 a prime number?
False
Is 14257 composite?
True
Is 97771 a composite number?
False
Is 10723 a prime number?
True
Is 134117 a prime number?
False
Is 124897 composite?
False
Is 24861 prime?
False
Is 22433 prime?
True
Is 3359 prime?
True
Is 2291 a composite number?
True
Is 1153265 prime?
False
Is 2177519 a prime number?
True
Is 228829 a prime number?
True
Is 282251 composite?
True
Is 26591 a prime number?
True
Is 3571 composite?
False
Is 390263 prime?
True
Is 9957 composite?
True
Is 79177 prime?
False
Is 17609 a composite number?
False
Is 1281937 a composite number?
False
Is 49219 composite?
True
Is 10243 composite?
False
Is 70039 a composite number?
False
Is 1857343 prime?
True
Is 67121 composite?
False
Is 748453 a prime number?
True
Is 6458 a prime number?
False
Is 25759 a prime number?
True
Is 143 composite?
True
Is 218131 a prime number?
True
Is 298283 prime?
True
Is 8747 a composite number?
False
Is 106667 a prime number?
False
Is 8213 a prime number?
False
Is 26083 prime?
True
Is 291433 a prime number?
False
Is 3049 composite?
False
Is 10181 a composite number?
False
Is 1501 prime?
False
Is 63949 a prime number?
True
Is 129719 a composite number?
False
Is 13459 a prime number?
False
Is 17657 composite?
False
Is 33841 prime?
False
Is 2747 prime?
False
Is 349346 a prime number?
False
Is 320933 composite?
True
Is 45109 composite?
True
Is 10781 a composite number?
False
Is 55621 composite?
False
Is 14693 prime?
False
Is 3137 composite?
False
Is 1651 composite?
True
Is 151631 a composite number?
False
Is 292497 a prime number?
False
Is 1190447 prime?
True
Is 177 a composite number?
True
Is 112237 composite?
False
Is 127403 composite?
False
Is 1373 a prime number?
True
Is 72817 prime?
True
Is 121133 a composite number?
True
Is 57881 composite?
False
Is 112199 composite?
False
Is 29119 prime?
False
Is 4421 composite?
False
Is 17539 a prime number?
True
Is 837979 prime?
True
Is 30367 a prime number?
True
Is 5227 composite?
False
Is 1259 prime?
True
Is 29539 composite?
True
Is 56659 a composite number?
False
Is 3683 a prime number?
False
Is 1559 a composite number?
False
Is 7377 prime?
False
Is 124291 a composite number?
False
Is 119687 a prime number?
True
Is 22769 prime?
True
Is 63359 composite?
True
Is 3453595 composite?
True
Is 2183 composite?
True
Is 27223 a composite number?
True
Is 305027 a composite number?
True
Is 587959 prime?
True
Is 13063 prime?
True
Is 293983 a composite number?
False
Is 114379 a composite number?
True
Is 3268183 prime?
True
Is 178661 a prime number?
False
Is 14221 prime?
True
Is 26591 composite?
False
Is 1444543 composite?
False
Is 1632745 a prime number?
False
Is 15338 prime?
False
Is 29473 a prime number?
True
Is 22267 a composite number?
True
Is 5793 composite?
True
Is 12737 composite?
True
Is 41221 a prime number?
True
Is 158458 a prime number?
False
Is 19715 a prime number?
False
Is 2761 prime?
False
Is 10497 composite?
True
Is 5791 a prime number?
True
Is 10673 a composite number?
True
Is 1006483 prime?
False
Is 2155 a composite number?
True
Is 2792011 a prime number?
True
Is 111763 composite?
True
Is 256073 a prime number?
False
Is 115487 a prime number?
False
Is 4413 a prime number?
False
Is 73961 composite?
False
Is 5567 composite?
True
Is 129147 a composite number?
True
Is 51173 prime?
False
Is 526189 composite?
False
Is 13291 composite?
False
Is 3481 prime?
False
Is 1657 a prime number?
True
Is 4507 prime?
True
Is 298513 a prime number?
True
Is 18803 a composite number?
False
Is 1693 composite?
False
Is 343927 prime?
False
Is 13751 prime?
True
Is 1623413 a composite number?
True
Is 5431 a composite number?
False
Is 277567 composite?
False
Is 95867 composite?
True
Is 667091 prime?
True
Is 58931 prime?
False
Is 11549 prime?
True
Is 1009 prime?
True
Is 358 composite?
True
Is 71717 prime?
False
Is 35681 prime?
False
Is 7519 composite?
True
Is 137983 composite?
False
Is 1367 composite?
False
Is 29533 a prime number?
False
Is 233 prime?
True
Is 55433 composite?
True
Is 115243 a prime number?
False
Is 975511 composite?
True
Is 15359 prime?
True
Is 12889 composite?
False
Is 10519 composite?
True
Is 23399 prime?
True
Is 50174 prime?
False
Is 372737 a prime number?
False
Is 4889 prime?
True
Is 24793 prime?
True
Is 44927 composite?
False
Is 97481 a prime number?
False
Is 8147 a composite number?
False
Is 42791 a composite number?
True
Is 84377 a prime number?
True
Is 1346159 prime?
True
Is 5669 a prime number?
True
Is 6119 a prime number?
False
Is 1795 a prime number?
False
Is 31469 a prime number?
True
Is 15389 composite?
True
Is 1011107 prime?
True
Is 344941 prime?
True
Is 51151 composite?
False
Is 153793 composite?
True
Is 666895 a composite number?
True
Is 14909 prime?
False
Is 816053 prime?
False
Is 563881 prime?
True
Is 631559 prime?
True
Is 182801 a prime number?
False
Is 883 prime?
True
Is 11957 prime?
False
Is 5779 a composite number?
False
Is 3787 prime?
False
Is 1527 prime?
False
Is 52133 prime?
False
Is 36367 composite?
True
Is 23323 prime?
False
Is 34793 a composite number?
True
Is 7349 a prime number?
True
Is 495749 composite?
False
Is 249493 prime?
False
Is 27397 a composite number?
False
Is 37685 prime?
False
Is 2818 a composite number?
True
Is 9097 a prime number?
False
Is 175211 a composite number?
False
Is 22229 a composite number?
False
Is 177839 a prime number?
True
Is 1563 a prime number?
False
Is 394489 composite?
False
Is 88921 composite?
True
Is 1165349 a composite number?
False
Is 25057 a composite number?
False
Is 390683 a prime number?
False
Is 2522999 prime?
True
Is 419047 composite?
False
Is 36215 a composite number?
True
Is 136787 a composite number?
True
Is 517907 prime?
False
Is 332963 a prime number?
False
Is 142951 composite?
True
Is 7207 a prime number?
True
Is 334127 composite?
False
Is 5077 a composite number?
False
Is 3758 composite?
True
Is 13582 prime?
False
Is 1477 a composite number?
True
Is 1624331 prime?
True
Is 235609 a prime number?
False
Is 3821 a composite number?
False
Is 677 a prime number?
True
Is 743761 a prime number?
False
Is 80159 a prime number?
False
Is 31013 a prime number?
True
Is 2325835 prime?
False
Is 5221 composite?
True
Is 418321 composite?
False
Is 9667 composite?
True
Is 2569 a prime number?
False
Is 77807 prime?
False
Is 1137 a prime number?
False
Is 13227 a composite number?
True
Is 6337 composite?
False
Is 3199 composite?
True
Is 125551 composite?
False
Is 19999 composite?
True
Is 124957 composite?
True
Is 1692337 a prime number?
True
Is 2290369 a prime number?
True
Is 5779 composite?
False
Is 17455 a prime number?
False
Is 157467 a composite number?
True
Is 6191 a composite number?
True
Is 119842 a prime number?
False
Is 174617 composite?
False
Is 580711 composite?
False
Is 737 a composite number?
True
Is 2616041 prime?
True
Is 169657 a prime number?
True
Is 4971 a composite number?
True
Is 69 composite?
True
Is 21941 a prime number?
False
Is 299551 a prime number?
False
Is 39079 a prime number?
True
Is 173413 a prime number?
False
Is 5244293 prime?
True
Is 171467 prime?
True
Is 28513 prime?
True
Is 7121 prime?
True
Is 6689 a composite number?
False
Is 2400917 a composite number?
False
Is 35023 prime?
True
Is 145499 a prime number?
False
Is 41171 a composite number?
True
Is 406217 a composite number?
True
Is 19253 a prime number?
False
Is 1502 prime?
False
Is 4553 prime?
False
Is 451439 composite?
False
Is 416797 a prime number?
True
Is 62079 composite?
True
Is 78109 composite?
True
Is 369953 composite?
True
Is 15959 a composite number?
False
Is 398881 composite?
True
Is 5269 a prime number?
False
Is 155913 a prime number?
False
Is 221131 prime?
False
